{"id":151,"date":"2023-08-17T06:39:41","date_gmt":"2023-08-17T04:39:41","guid":{"rendered":"https:\/\/sound-escape.co\/aus\/?page_id=151"},"modified":"2023-09-08T10:56:34","modified_gmt":"2023-09-08T08:56:34","slug":"rideau-phonique-sur-mesure","status":"publish","type":"page","link":"https:\/\/sound-escape.co\/aus\/rideau-phonique-sur-mesure\/","title":{"rendered":"Rideau phonique sur mesure"},"content":{"rendered":"\n\t<div id=\"gap-1343632510\" class=\"gap-element clearfix\" style=\"display:block; height:auto;\">\n\t\t\n<style>\n#gap-1343632510 {\n  padding-top: 30px;\n}\n<\/style>\n\t<\/div>\n\t\n\n<h1 class=\"thin-font uppercase\" style=\"text-align: center;\"><span style=\"color: #333333; font-size: 110%; \">\u00a0Vos rideaux phoniques con\u00e7us sur mesure\u00a0<\/span><\/h1>\n<p style=\"text-align: center;\" data-show=\"hide-for-small\"><span style=\"color: #4a4a4a; font-size: 105%;\"><span style=\"color: #00a859;\">\u2714<\/span> D\u00e8s 119,90\u20ac | <span style=\"color: #00a859;\">\u2714 <\/span>R\u00e9duction de 21dB | <span style=\"color: #00a859;\">\u2714 <\/span>Livr\u00e9s sous 2 \u00e0 3 semaines<\/span><\/p>\n\n\t<div id=\"text-2300982252\" class=\"text hide-for-medium\">\n\t\t\n\n<div data-tf-live=\"01H7ZEJP5KSG56S2ZK1DQ43FNN\">\u00a0<\/div>\n<p><script src=\"\/\/embed.typeform.com\/next\/embed.js\"><\/script><\/p>\n\n\t\t\t<\/div>\n\t\n\t<div id=\"text-1154256874\" class=\"text show-for-medium\">\n\t\t\n\n<div data-tf-live=\"01H7ZEJP5KSG56S2ZK1DQ43FNN\">\u00a0<\/div>\n<p><script src=\"\/\/embed.typeform.com\/next\/embed.js\"><\/script><\/p>\n\t\t\t<\/div>\n\t\n\t<div id=\"gap-796981593\" class=\"gap-element clearfix show-for-medium\" style=\"display:block; height:auto;\">\n\t\t\n<style>\n#gap-796981593 {\n  padding-top: 30px;\n}\n<\/style>\n\t<\/div>\n\t\n\n\t<div id=\"text-3701373900\" class=\"text\">\n\t\t\n\n<h2 class=\"thin-font\" style=\"text-align: center;\"><span style=\"font-size: 115%;\">Cr\u00e9ons ensemble votre havre de paix, l\u00e0 o\u00f9 confort et calme se rencontrent.<\/span><\/h2>\n\t\t\n<style>\n#text-3701373900 {\n  font-size: 0.95rem;\n  text-align: center;\n}\n<\/style>\n\t<\/div>\n\t\n\t<div id=\"gap-1914637085\" class=\"gap-element clearfix\" style=\"display:block; height:auto;\">\n\t\t\n<style>\n#gap-1914637085 {\n  padding-top: 10px;\n}\n<\/style>\n\t<\/div>\n\t\n\n\t<div id=\"text-3762279373\" class=\"text\">\n\t\t\n\n<p>\u00a0<img loading=\"lazy\" decoding=\"async\" class=\"alignnone  wp-image-140\" src=\"https:\/\/sound-escape.co\/aus\/wp-content\/uploads\/2023\/08\/21db-300x300.png\" alt=\"\" width=\"65\" height=\"65\" srcset=\"https:\/\/sound-escape.co\/aus\/wp-content\/uploads\/2023\/08\/21db-300x300.png 300w, https:\/\/sound-escape.co\/aus\/wp-content\/uploads\/2023\/08\/21db-100x100.png 100w, https:\/\/sound-escape.co\/aus\/wp-content\/uploads\/2023\/08\/21db-150x150.png 150w, https:\/\/sound-escape.co\/aus\/wp-content\/uploads\/2023\/08\/21db.png 400w\" sizes=\"auto, (max-width: 65px) 100vw, 65px\" \/>\u00a0\u00a0<img loading=\"lazy\" decoding=\"async\" class=\"alignnone  wp-image-145\" src=\"https:\/\/sound-escape.co\/aus\/wp-content\/uploads\/2023\/08\/audio-300x300.png\" alt=\"\" width=\"65\" height=\"65\" srcset=\"https:\/\/sound-escape.co\/aus\/wp-content\/uploads\/2023\/08\/audio-300x300.png 300w, https:\/\/sound-escape.co\/aus\/wp-content\/uploads\/2023\/08\/audio-100x100.png 100w, https:\/\/sound-escape.co\/aus\/wp-content\/uploads\/2023\/08\/audio-510x510.png 510w, https:\/\/sound-escape.co\/aus\/wp-content\/uploads\/2023\/08\/audio-150x150.png 150w, https:\/\/sound-escape.co\/aus\/wp-content\/uploads\/2023\/08\/audio.png 568w\" sizes=\"auto, (max-width: 65px) 100vw, 65px\" \/> \u00a0<img loading=\"lazy\" decoding=\"async\" class=\"alignnone  wp-image-142\" src=\"https:\/\/sound-escape.co\/aus\/wp-content\/uploads\/2023\/08\/occultant-300x300.png\" alt=\"\" width=\"65\" height=\"65\" srcset=\"https:\/\/sound-escape.co\/aus\/wp-content\/uploads\/2023\/08\/occultant-300x300.png 300w, https:\/\/sound-escape.co\/aus\/wp-content\/uploads\/2023\/08\/occultant-100x100.png 100w, https:\/\/sound-escape.co\/aus\/wp-content\/uploads\/2023\/08\/occultant-150x150.png 150w, https:\/\/sound-escape.co\/aus\/wp-content\/uploads\/2023\/08\/occultant.png 400w\" sizes=\"auto, (max-width: 65px) 100vw, 65px\" \/> \u00a0<img loading=\"lazy\" decoding=\"async\" class=\"alignnone  wp-image-146\" src=\"https:\/\/sound-escape.co\/aus\/wp-content\/uploads\/2023\/08\/thermique-300x300.png\" alt=\"\" width=\"66\" height=\"66\" srcset=\"https:\/\/sound-escape.co\/aus\/wp-content\/uploads\/2023\/08\/thermique-300x300.png 300w, https:\/\/sound-escape.co\/aus\/wp-content\/uploads\/2023\/08\/thermique-100x100.png 100w, https:\/\/sound-escape.co\/aus\/wp-content\/uploads\/2023\/08\/thermique-510x510.png 510w, https:\/\/sound-escape.co\/aus\/wp-content\/uploads\/2023\/08\/thermique-150x150.png 150w, https:\/\/sound-escape.co\/aus\/wp-content\/uploads\/2023\/08\/thermique.png 568w\" sizes=\"auto, (max-width: 66px) 100vw, 66px\" \/><\/p>\n\t\t\n<style>\n#text-3762279373 {\n  text-align: center;\n}\n<\/style>\n\t<\/div>\n\t\n<p style=\"text-align: center;\">Nos rideaux phoniques sont disponibles en 4 coloris et sont enti\u00e8rement personnalisables afin de s&#8217;adapter au mieux \u00e0 votre espace. Notre technologie actuelle offre une att\u00e9nuation atteignant 21 d\u00e9cibels !<\/p>\n<p style=\"text-align: center;\">En raison de leur \u00e9paisseur importante, nos rideaux ont \u00e9galement l&#8217;avantage d&#8217;\u00eatre occultants et de prot\u00e9ger thermiquement vos espaces. Pour obtenir votre devis, r\u00e9pondez simplement aux quelques questions en haut de la page.<\/p>\n\t<div id=\"gap-697301925\" class=\"gap-element clearfix\" style=\"display:block; height:auto;\">\n\t\t\n<style>\n#gap-697301925 {\n  padding-top: 30px;\n}\n<\/style>\n\t<\/div>\n\t\n\n<div class=\"row\"  id=\"row-238917793\">\n\n\n\t<div id=\"col-1729512540\" class=\"col medium-3 small-6 large-3\"  >\n\t\t\t\t<div class=\"col-inner\"  >\n\t\t\t\n\t\t\t\n\n\t<div id=\"gap-1075037800\" class=\"gap-element clearfix hide-for-medium\" style=\"display:block; height:auto;\">\n\t\t\n<style>\n#gap-1075037800 {\n  padding-top: 14px;\n}\n<\/style>\n\t<\/div>\n\t\n\n\t<div class=\"img has-hover x md-x lg-x y md-y lg-y\" id=\"image_80279375\">\n\t\t\t\t\t\t\t\t<div class=\"img-inner image-cover dark\" style=\"padding-top:115%;\">\n\t\t\t<img loading=\"lazy\" decoding=\"async\" width=\"705\" height=\"800\" src=\"https:\/\/sound-escape.co\/aus\/wp-content\/uploads\/2023\/08\/rideaux-phoniques-elegants.jpg\" class=\"attachment-large size-large wvs-archive-product-image\" alt=\"\" srcset=\"https:\/\/sound-escape.co\/aus\/wp-content\/uploads\/2023\/08\/rideaux-phoniques-elegants.jpg 705w, https:\/\/sound-escape.co\/aus\/wp-content\/uploads\/2023\/08\/rideaux-phoniques-elegants-264x300.jpg 264w\" sizes=\"auto, (max-width: 705px) 100vw, 705px\" \/>\t\t\t\t\t\t\n\t\t\t\t\t<\/div>\n\t\t\t\t\t\t\t\t\n<style>\n#image_80279375 {\n  width: 100%;\n}\n<\/style>\n\t<\/div>\n\t\n\n\n\t\t<\/div>\n\t\t\t\t\t<\/div>\n\n\t\n\n\t<div id=\"col-1368885729\" class=\"col medium-3 small-6 large-3\"  >\n\t\t\t\t<div class=\"col-inner\"  >\n\t\t\t\n\t\t\t\n\n\t<div class=\"img has-hover x md-x lg-x y md-y lg-y\" id=\"image_764500069\">\n\t\t\t\t\t\t\t\t<div class=\"img-inner image-cover dark\" style=\"padding-top:115%;\">\n\t\t\t<img loading=\"lazy\" decoding=\"async\" width=\"734\" height=\"959\" src=\"https:\/\/sound-escape.co\/aus\/wp-content\/uploads\/2023\/09\/soundescapepc1-1-4.jpg\" class=\"attachment-large size-large wvs-archive-product-image\" alt=\"\" srcset=\"https:\/\/sound-escape.co\/aus\/wp-content\/uploads\/2023\/09\/soundescapepc1-1-4.jpg 734w, https:\/\/sound-escape.co\/aus\/wp-content\/uploads\/2023\/09\/soundescapepc1-1-4-230x300.jpg 230w\" sizes=\"auto, (max-width: 734px) 100vw, 734px\" \/>\t\t\t\t\t\t\n\t\t\t\t\t<\/div>\n\t\t\t\t\t\t\t\t\n<style>\n#image_764500069 {\n  width: 100%;\n}\n@media (min-width:550px) {\n  #image_764500069 {\n    width: 100%;\n  }\n}\n<\/style>\n\t<\/div>\n\t\n\n\n\t\t<\/div>\n\t\t\t\t\t<\/div>\n\n\t\n\n\t<div id=\"col-1936779896\" class=\"col medium-3 small-6 large-3\"  >\n\t\t\t\t<div class=\"col-inner\"  >\n\t\t\t\n\t\t\t\n\n\t<div class=\"img has-hover x md-x lg-x y md-y lg-y\" id=\"image_622172038\">\n\t\t\t\t\t\t\t\t<div class=\"img-inner image-cover dark\" style=\"padding-top:115%;\">\n\t\t\t<img loading=\"lazy\" decoding=\"async\" width=\"705\" height=\"800\" src=\"https:\/\/sound-escape.co\/aus\/wp-content\/uploads\/2023\/09\/rideaux-phoniques-dores-1.jpg\" class=\"attachment-large size-large wvs-archive-product-image\" alt=\"\" srcset=\"https:\/\/sound-escape.co\/aus\/wp-content\/uploads\/2023\/09\/rideaux-phoniques-dores-1.jpg 705w, https:\/\/sound-escape.co\/aus\/wp-content\/uploads\/2023\/09\/rideaux-phoniques-dores-1-264x300.jpg 264w\" sizes=\"auto, (max-width: 705px) 100vw, 705px\" \/>\t\t\t\t\t\t\n\t\t\t\t\t<\/div>\n\t\t\t\t\t\t\t\t\n<style>\n#image_622172038 {\n  width: 100%;\n}\n<\/style>\n\t<\/div>\n\t\n\n\n\t\t<\/div>\n\t\t\t\t\t<\/div>\n\n\t\n\n\t<div id=\"col-2080765395\" class=\"col medium-3 small-6 large-3\"  >\n\t\t\t\t<div class=\"col-inner\"  >\n\t\t\t\n\t\t\t\n\n\t<div class=\"img has-hover x md-x lg-x y md-y lg-y\" id=\"image_1232186532\">\n\t\t\t\t\t\t\t\t<div class=\"img-inner image-cover dark\" style=\"padding-top:115%;\">\n\t\t\t<img loading=\"lazy\" decoding=\"async\" width=\"705\" height=\"800\" src=\"https:\/\/sound-escape.co\/aus\/wp-content\/uploads\/2023\/09\/rideaux-phoniques-performants.jpg\" class=\"attachment-large size-large wvs-archive-product-image\" alt=\"\" srcset=\"https:\/\/sound-escape.co\/aus\/wp-content\/uploads\/2023\/09\/rideaux-phoniques-performants.jpg 705w, https:\/\/sound-escape.co\/aus\/wp-content\/uploads\/2023\/09\/rideaux-phoniques-performants-264x300.jpg 264w\" sizes=\"auto, (max-width: 705px) 100vw, 705px\" \/>\t\t\t\t\t\t\n\t\t\t\t\t<\/div>\n\t\t\t\t\t\t\t\t\n<style>\n#image_1232186532 {\n  width: 100%;\n}\n<\/style>\n\t<\/div>\n\t\n\n\n\t\t<\/div>\n\t\t\t\t\t<\/div>\n\n\t\n\n<\/div>\n<p style=\"text-align: center;\">Avant de solliciter un devis, nous vous sugg\u00e9rons de consulter la <span style=\"text-decoration: underline;\"><strong><a href=\"https:\/\/sound-escape.co\/aus\/produit\/rideaux-phoniques-21db-3-en-1\/\">page produit de notre rideau phonique<\/a><\/strong><\/span> pour v\u00e9rifier si les dimensions souhait\u00e9es sont d\u00e9j\u00e0 disponibles.<\/p>\n\t<div id=\"gap-1252265769\" class=\"gap-element clearfix\" style=\"display:block; height:auto;\">\n\t\t\n<style>\n#gap-1252265769 {\n  padding-top: 30px;\n}\n<\/style>\n\t<\/div>\n\t\n\n\n","protected":false},"excerpt":{"rendered":"","protected":false},"author":1,"featured_media":0,"parent":0,"menu_order":0,"comment_status":"closed","ping_status":"closed","template":"","meta":{"inline_featured_image":false,"footnotes":""},"class_list":["post-151","page","type-page","status-publish","hentry"],"_links":{"self":[{"href":"https:\/\/sound-escape.co\/aus\/wp-json\/wp\/v2\/pages\/151","targetHints":{"allow":["GET"]}}],"collection":[{"href":"https:\/\/sound-escape.co\/aus\/wp-json\/wp\/v2\/pages"}],"about":[{"href":"https:\/\/sound-escape.co\/aus\/wp-json\/wp\/v2\/types\/page"}],"author":[{"embeddable":true,"href":"https:\/\/sound-escape.co\/aus\/wp-json\/wp\/v2\/users\/1"}],"replies":[{"embeddable":true,"href":"https:\/\/sound-escape.co\/aus\/wp-json\/wp\/v2\/comments?post=151"}],"version-history":[{"count":42,"href":"https:\/\/sound-escape.co\/aus\/wp-json\/wp\/v2\/pages\/151\/revisions"}],"predecessor-version":[{"id":2568,"href":"https:\/\/sound-escape.co\/aus\/wp-json\/wp\/v2\/pages\/151\/revisions\/2568"}],"wp:attachment":[{"href":"https:\/\/sound-escape.co\/aus\/wp-json\/wp\/v2\/media?parent=151"}],"curies":[{"name":"wp","href":"https:\/\/api.w.org\/{rel}","templated":true}]}}